{"id":8,"date":"2023-06-27T05:38:39","date_gmt":"2023-06-27T05:38:39","guid":{"rendered":"https:\/\/periodic-perrodin-s470.zipwp.link\/?page_id=8"},"modified":"2024-04-10T13:33:09","modified_gmt":"2024-04-10T13:33:09","slug":"home","status":"publish","type":"page","link":"https:\/\/imobiliaria.marketing-pt.com\/","title":{"rendered":"Home"},"content":{"rendered":"\n<div class=\"wp-block-uagb-container uagb-block-edf9ad47 alignfull uagb-is-root-container\"><div class=\"uagb-container-inner-blocks-wrap\">\n<div class=\"wp-block-uagb-info-box uagb-block-360d083e uagb-infobox__content-wrap  uagb-infobox-icon-above-title uagb-infobox-image-valign-top\"><div class=\"uagb-ifb-content\"><div class=\"uagb-ifb-title-wrap\"><h1 class=\"uagb-ifb-title\">M\u00e1rio P\u00e1dua<\/h1><\/div><p class=\"uagb-ifb-desc\">Agente Imobili\u00e1rio Dedicado<\/p><div class=\"uagb-ifb-button-wrapper wp-block-button\"><a href=\"contact\/\" class=\"uagb-infobox-cta-link wp-block-button__link\" target=\"_self\" rel=\"noopener noreferrer\" onclick=\"return true;\" alt=\"\"><span class=\"uagb-inline-editing\">Descubra<\/span><\/a><\/div><\/div><\/div>\n<\/div><\/div>\n\n\n\n<div class=\"wp-block-uagb-container uagb-block-cd2fc679 alignfull uagb-is-root-container\"><div class=\"uagb-container-inner-blocks-wrap\">\n<div class=\"wp-block-uagb-info-box uagb-block-3b175fd5 uagb-infobox__content-wrap  uagb-infobox-icon-above-title uagb-infobox-image-valign-top\"><div class=\"uagb-ifb-content\"><div class=\"uagb-ifb-title-wrap\"><h2 class=\"uagb-ifb-title\">Principais Ofertas<\/h2><\/div><p class=\"uagb-ifb-desc\">Descubra os principais servi\u00e7os imobili\u00e1rios que temos para lhe oferecer.<\/p><\/div><\/div>\n\n\n\n<div class=\"wp-block-uagb-container uagb-block-93377a07\">\n<div class=\"wp-block-uagb-container uagb-block-fae5d157\">\n<div class=\"wp-block-uagb-image alignleft uagb-block-df4cd6be wp-block-uagb-image--layout-default wp-block-uagb-image--effect-static wp-block-uagb-image--align-left\"><figure class=\"wp-block-uagb-image__figure\"><a class=\"\" href=\"https:\/\/www.kwportugal.pt\/Moradia-Venda-Setubal--S.Juliao,Nssa-Sra.-da-Anunciada,-Snta-M.-G-1204-1036\" target=\"\" rel=\"noopener\"><img decoding=\"async\" srcset=\"https:\/\/imobiliaria.marketing-pt.com\/wp-content\/uploads\/2024\/04\/Screenshot-2024-04-10-at-14.26.35.png ,https:\/\/imobiliaria.marketing-pt.com\/wp-content\/uploads\/2024\/04\/Screenshot-2024-04-10-at-14.26.35.png 780w, https:\/\/imobiliaria.marketing-pt.com\/wp-content\/uploads\/2024\/04\/Screenshot-2024-04-10-at-14.26.35.png 360w\" sizes=\"auto, (max-width: 480px) 150px\" src=\"https:\/\/imobiliaria.marketing-pt.com\/wp-content\/uploads\/2024\/04\/Screenshot-2024-04-10-at-14.26.35.png\" alt=\"\" class=\"uag-image-1519\" width=\"373\" height=\"480\" title=\"Screenshot 2024-04-10 at 14.26.35\" loading=\"lazy\" role=\"img\"\/><\/a><\/figure><\/div>\n\n\n\n<div class=\"wp-block-uagb-advanced-heading uagb-block-82da6484\"><h3 class=\"uagb-heading-text\"><a href=\"https:\/\/www.kwportugal.pt\/Moradia-Venda-Setubal--S.Juliao,Nssa-Sra.-da-Anunciada,-Snta-M.-G-1204-1036\">Moradia Set\u00fabal<\/a><\/h3><p class=\"uagb-desc-text\">T6 &#8211; Set\u00fabal- S.Juli\u00e3o,Nssa Sra. da Anunciada, Santa M. G\/Set\u00fabal<\/p><\/div>\n<\/div>\n\n\n\n<div class=\"wp-block-uagb-container uagb-block-b4a21a88\">\n<div class=\"wp-block-uagb-image alignleft uagb-block-2400b6c1 wp-block-uagb-image--layout-default wp-block-uagb-image--effect-static wp-block-uagb-image--align-left\"><figure class=\"wp-block-uagb-image__figure\"><a class=\"\" href=\"https:\/\/www.kwportugal.pt\/Herdade-Venda-Azeitao---Sao-Lourenco-e-Sao-Simao-1204-3672\" target=\"\" rel=\"noopener\"><img decoding=\"async\" srcset=\"https:\/\/imobiliaria.marketing-pt.com\/wp-content\/uploads\/2024\/04\/Screenshot-2024-04-10-at-14.26.52.png ,https:\/\/imobiliaria.marketing-pt.com\/wp-content\/uploads\/2024\/04\/Screenshot-2024-04-10-at-14.26.52.png 780w, https:\/\/imobiliaria.marketing-pt.com\/wp-content\/uploads\/2024\/04\/Screenshot-2024-04-10-at-14.26.52.png 360w\" sizes=\"auto, (max-width: 480px) 150px\" src=\"https:\/\/imobiliaria.marketing-pt.com\/wp-content\/uploads\/2024\/04\/Screenshot-2024-04-10-at-14.26.52.png\" alt=\"\" class=\"uag-image-1517\" width=\"373\" height=\"480\" title=\"Screenshot 2024-04-10 at 14.26.52\" loading=\"lazy\" role=\"img\"\/><\/a><\/figure><\/div>\n\n\n\n<div class=\"wp-block-uagb-advanced-heading uagb-block-ddf76d8a\"><h3 class=\"uagb-heading-text\"><a href=\"https:\/\/www.kwportugal.pt\/Herdade-Venda-Azeitao---Sao-Lourenco-e-Sao-Simao-1204-3672\">Herdade Azeit\u00e3o<\/a><\/h3><p class=\"uagb-desc-text\">T14 &#8211; Azeit\u00e3o &#8211; S\u00e3o Louren\u00e7o e S\u00e3o Sim\u00e3o\/Set\u00fabal<\/p><\/div>\n<\/div>\n\n\n\n<div class=\"wp-block-uagb-container uagb-block-4be5b602\">\n<div class=\"wp-block-uagb-image alignleft uagb-block-b48fe4eb wp-block-uagb-image--layout-default wp-block-uagb-image--effect-static wp-block-uagb-image--align-left\"><figure class=\"wp-block-uagb-image__figure\"><img decoding=\"async\" srcset=\"https:\/\/imobiliaria.marketing-pt.com\/wp-content\/uploads\/2024\/04\/Screenshot-2024-04-10-at-14.26.42.png ,https:\/\/imobiliaria.marketing-pt.com\/wp-content\/uploads\/2024\/04\/Screenshot-2024-04-10-at-14.26.42.png 780w, https:\/\/imobiliaria.marketing-pt.com\/wp-content\/uploads\/2024\/04\/Screenshot-2024-04-10-at-14.26.42.png 360w\" sizes=\"auto, (max-width: 480px) 150px\" src=\"https:\/\/imobiliaria.marketing-pt.com\/wp-content\/uploads\/2024\/04\/Screenshot-2024-04-10-at-14.26.42.png\" alt=\"\" class=\"uag-image-1518\" width=\"373\" height=\"480\" title=\"Screenshot 2024-04-10 at 14.26.42\" loading=\"lazy\" role=\"img\"\/><\/figure><\/div>\n\n\n\n<div class=\"wp-block-uagb-advanced-heading uagb-block-2d89467b\"><h3 class=\"uagb-heading-text\"><a href=\"https:\/\/www.kwportugal.pt\/Moradia-Venda-Carvalhal-1204-3070\">Moradia Gr\u00e2ndola<\/a><\/h3><p class=\"uagb-desc-text\">T5 &#8211; Carvalhal\/Gr\u00e2ndola<\/p><\/div>\n<\/div>\n<\/div>\n<\/div><\/div>\n\n\n\n<div class=\"wp-block-uagb-container uagb-block-0cf1e869 alignfull uagb-is-root-container\"><div class=\"uagb-container-inner-blocks-wrap\">\n<div class=\"wp-block-uagb-container uagb-block-8e894bf5\">\n<div class=\"wp-block-uagb-image alignleft uagb-block-88e52dea wp-block-uagb-image--layout-default wp-block-uagb-image--effect-static wp-block-uagb-image--align-left\"><figure class=\"wp-block-uagb-image__figure\"><img decoding=\"async\" srcset=\"https:\/\/imobiliaria.marketing-pt.com\/wp-content\/uploads\/2024\/04\/Mario-Padua-Agente-Imobiliario.jpeg ,https:\/\/imobiliaria.marketing-pt.com\/wp-content\/uploads\/2024\/04\/Mario-Padua-Agente-Imobiliario.jpeg 780w, https:\/\/imobiliaria.marketing-pt.com\/wp-content\/uploads\/2024\/04\/Mario-Padua-Agente-Imobiliario.jpeg 360w\" sizes=\"auto, (max-width: 480px) 150px\" src=\"https:\/\/imobiliaria.marketing-pt.com\/wp-content\/uploads\/2024\/04\/Mario-Padua-Agente-Imobiliario.jpeg\" alt=\"\" class=\"uag-image-1514\" width=\"550\" height=\"536\" title=\"Mario-Padua-Agente-Imobilia\u0301rio\" loading=\"lazy\" role=\"img\"\/><\/figure><\/div>\n<\/div>\n\n\n\n<div class=\"wp-block-uagb-container uagb-block-db5a712e\">\n<div class=\"wp-block-uagb-info-box uagb-block-69f2621f uagb-infobox__content-wrap  uagb-infobox-icon-above-title uagb-infobox-image-valign-top\"><div class=\"uagb-ifb-content\"><div class=\"uagb-ifb-title-wrap\"><h2 class=\"uagb-ifb-title\">Quem \u00e9 M\u00e1rio P\u00e1dua<\/h2><\/div><p class=\"uagb-ifb-desc\">Designer de Profiss\u00e3o, Agente Imobili\u00e1rio pela Paix\u00e3o de dar um Futuro e concretizar Sonhos. <em>Acredito que a cada neg\u00f3cio se constr\u00f3i uma liga\u00e7\u00e3o que nos leva a outros neg\u00f3cios, por isso assumo um servi\u00e7o de excel\u00eancia que me permite desenvolver de forma sustentada a minha actividade.<\/em><br><em>Garanto o acompanhamento e a aplica\u00e7\u00e3o da melhor estrat\u00e9gia desde a angaria\u00e7\u00e3o at\u00e9 ao final da transa\u00e7\u00e3o.<\/em><br><em>Foco-me na venda do seu im\u00f3vel para que o processo decorra de forma segura.<\/em><br><br><em>O meu compromisso \u00e9 consigo! Estou do seu lado e certifico-me que comigo estar\u00e1 do lado certo.<\/em><\/p><div class=\"uagb-ifb-button-wrapper wp-block-button\"><a href=\"about\/\" class=\"uagb-infobox-cta-link wp-block-button__link\" target=\"_self\" rel=\"noopener noreferrer\" onclick=\"return true;\" alt=\"\"><span class=\"uagb-inline-editing\">Saber Mais<\/span><\/a><\/div><\/div><\/div>\n<\/div>\n<\/div><\/div>\n\n\n\n<div class=\"wp-block-uagb-container uagb-block-b9774670 alignfull uagb-is-root-container\"><div class=\"uagb-container-inner-blocks-wrap\">\n<div class=\"wp-block-uagb-testimonial uagb-slick-carousel uagb-tm__arrow-outside uagb-block-9c5eb390 uagb-post__carousel_notset uagb-post__carousel_notset-tablet uagb-post__carousel_notset-mobile\"><div class=\"is-carousel uagb-tm__columns-1 uagb-tm__items\"><div class=\"uagb-testimonial__wrap  uagb-tm__imgicon-style-circle uagb-tm__image-position-top uagb-tm__bg-type-none \"><div class=\"uagb-tm__content\"><div class=\"uagb-tm__overlay\"><\/div><div class=\"uagb-tm__image-content\"><div class=\"uagb-tm__image\"><img decoding=\"async\" class=\"uagb-tm-img-src\" src=\"https:\/\/imobiliaria.marketing-pt.com\/wp-content\/uploads\/2023\/08\/testimonial-skip-01.jpeg\" alt=\"\" width=\"64\" height=\"64\" loading=\"lazy\"\/><\/div><\/div><div class=\"uagb-tm__text-wrap\"><div class=\"uagb-tm__desc\">Excelente servi\u00e7o! Aconselho a todos os que procuram profissionalismo e efic\u00e1cia no ramo imobili\u00e1rio.<\/div><div class=\"uagb-tm__meta-inner\"><div class=\"uagb-testimonial-details\"><span class=\"uagb-tm__author-name\">Hugo Santos<\/span><span class=\"uagb-tm__company\"><\/span><\/div><\/div><\/div><\/div><\/div><\/div><\/div>\n<\/div><\/div>\n\n\n\n<div class=\"wp-block-uagb-container uagb-block-ec01bfa7 alignfull uagb-is-root-container\"><div class=\"uagb-container-inner-blocks-wrap\">\n<div class=\"wp-block-uagb-info-box uagb-block-13d69fb3 uagb-infobox__content-wrap  uagb-infobox-icon-above-title uagb-infobox-image-valign-top\"><div class=\"uagb-ifb-content\"><div class=\"uagb-ifb-title-wrap\"><h2 class=\"uagb-ifb-title\">Proposta de Valor \u00danica<\/h2><\/div><p class=\"uagb-ifb-desc\">Descubra as principais vantagens que nos destacam e garanta uma experi\u00eancia imobili\u00e1ria sem igual.<\/p><\/div><\/div>\n\n\n\n<div class=\"wp-block-uagb-container uagb-block-5bf3f238\">\n<div class=\"wp-block-uagb-container uagb-block-8b947d96\">\n<div class=\"wp-block-uagb-image uagb-block-f831083c wp-block-uagb-image--layout-default wp-block-uagb-image--effect-static wp-block-uagb-image--align-none\"><figure class=\"wp-block-uagb-image__figure\"><img decoding=\"async\" srcset=\"https:\/\/imobiliaria.marketing-pt.com\/wp-content\/uploads\/2024\/04\/zipwp-image-14661213.jpeg ,https:\/\/imobiliaria.marketing-pt.com\/wp-content\/uploads\/2024\/04\/zipwp-image-14661213.jpeg 780w, https:\/\/imobiliaria.marketing-pt.com\/wp-content\/uploads\/2024\/04\/zipwp-image-14661213.jpeg 360w\" sizes=\"auto, (max-width: 480px) 150px\" src=\"https:\/\/imobiliaria.marketing-pt.com\/wp-content\/uploads\/2024\/04\/zipwp-image-14661213.jpeg\" alt=\"\" class=\"uag-image-1496\" width=\"550\" height=\"500\" title=\"\" loading=\"lazy\" role=\"img\"\/><\/figure><\/div>\n<\/div>\n\n\n\n<div class=\"wp-block-uagb-container uagb-block-c465247c\">\n<div class=\"wp-block-uagb-info-box uagb-block-73b22374 uagb-infobox__content-wrap  uagb-infobox-icon-above-title uagb-infobox-image-valign-top\"><div class=\"uagb-ifb-content\"><div class=\"uagb-ifb-title-wrap\"><h3 class=\"uagb-ifb-title\">Profissionalismo Garantido<\/h3><\/div><p class=\"uagb-ifb-desc\">Asseguramos um servi\u00e7o de excel\u00eancia acompanhando-o em todas as etapas do processo imobili\u00e1rio<\/p><div class=\"uagb-ifb-button-wrapper wp-block-button\"><a href=\"offerings\/\" class=\"uagb-infobox-cta-link wp-block-button__link\" target=\"_self\" rel=\"noopener noreferrer\" onclick=\"return true;\" alt=\"\"><span class=\"uagb-inline-editing\">Saber Mais<\/span><\/a><\/div><\/div><\/div>\n<\/div>\n<\/div>\n\n\n\n<div class=\"wp-block-uagb-container uagb-block-4dac132f\">\n<div class=\"wp-block-uagb-container uagb-block-44450004\">\n<div class=\"wp-block-uagb-image uagb-block-1fbbd46b wp-block-uagb-image--layout-default wp-block-uagb-image--effect-static wp-block-uagb-image--align-none\"><figure class=\"wp-block-uagb-image__figure\"><img decoding=\"async\" srcset=\"https:\/\/imobiliaria.marketing-pt.com\/wp-content\/uploads\/2024\/04\/zipwp-image-12221799.jpeg ,https:\/\/imobiliaria.marketing-pt.com\/wp-content\/uploads\/2024\/04\/zipwp-image-12221799.jpeg 780w, https:\/\/imobiliaria.marketing-pt.com\/wp-content\/uploads\/2024\/04\/zipwp-image-12221799.jpeg 360w\" sizes=\"auto, (max-width: 480px) 150px\" src=\"https:\/\/imobiliaria.marketing-pt.com\/wp-content\/uploads\/2024\/04\/zipwp-image-12221799.jpeg\" alt=\"\" class=\"uag-image-1484\" width=\"550\" height=\"500\" title=\"\" loading=\"lazy\" role=\"img\"\/><\/figure><\/div>\n<\/div>\n\n\n\n<div class=\"wp-block-uagb-container uagb-block-8b26c666\">\n<div class=\"wp-block-uagb-info-box uagb-block-af69361d uagb-infobox__content-wrap  uagb-infobox-icon-above-title uagb-infobox-image-valign-top\"><div class=\"uagb-ifb-content\"><div class=\"uagb-ifb-title-wrap\"><h3 class=\"uagb-ifb-title\">Transpar\u00eancia<\/h3><\/div><p class=\"uagb-ifb-desc\">A rela\u00e7\u00e3o de confian\u00e7a com os clientes \u00e9 a base dos nossos valores, garantindo neg\u00f3cios seguros e claros<\/p><div class=\"uagb-ifb-button-wrapper wp-block-button\"><a href=\"offerings\/\" class=\"uagb-infobox-cta-link wp-block-button__link\" target=\"_self\" rel=\"noopener noreferrer\" onclick=\"return true;\" alt=\"\"><span class=\"uagb-inline-editing\">Saber Mais<\/span><\/a><\/div><\/div><\/div>\n<\/div>\n<\/div>\n<\/div><\/div>\n\n\n\n<div class=\"wp-block-uagb-container uagb-block-c84325e4 alignfull uagb-is-root-container\"><div class=\"uagb-container-inner-blocks-wrap\">\n<div class=\"wp-block-uagb-info-box uagb-block-d8a09d88 uagb-infobox__content-wrap  uagb-infobox-icon-above-title uagb-infobox-image-valign-top\"><div class=\"uagb-ifb-content\"><div class=\"uagb-ifb-title-wrap\"><h2 class=\"uagb-ifb-title\">Comece j\u00e1<\/h2><\/div><p class=\"uagb-ifb-desc\">Contacte-nos hoje mesmo e descubra como podemos ajudar a concretizar os seus objetivos imobili\u00e1rios<\/p><div class=\"uagb-ifb-button-wrapper wp-block-button\"><a href=\"contact\/\" class=\"uagb-infobox-cta-link wp-block-button__link\" target=\"_self\" rel=\"noopener noreferrer\" onclick=\"return true;\" alt=\"\"><span class=\"uagb-inline-editing\">Descubra<\/span><\/a><\/div><\/div><\/div>\n<\/div><\/div>\n","protected":false},"excerpt":{"rendered":"<p>Moradia Set\u00fabal T6 &#8211; Set\u00fabal- S.Juli\u00e3o,Nssa Sra. da Anunciada, Santa M. G\/Set\u00fabal Herdade Azeit\u00e3o T14 &#8211; Azeit\u00e3o &#8211; S\u00e3o Louren\u00e7o [&hellip;]<\/p>\n","protected":false},"author":9,"featured_media":0,"parent":0,"menu_order":0,"comment_status":"closed","ping_status":"closed","template":"","meta":{"_uag_custom_page_level_css":"","site-sidebar-layout":"default","site-content-layout":"","ast-site-content-layout":"full-width-container","site-content-style":"default","site-sidebar-style":"default","ast-global-header-display":"","ast-banner-title-visibility":"","ast-main-header-display":"","ast-hfb-above-header-display":"","ast-hfb-below-header-display":"","ast-hfb-mobile-header-display":"","site-post-title":"disabled","ast-breadcrumbs-content":"","ast-featured-img":"","footer-sml-layout":"","ast-disable-related-posts":"","theme-transparent-header-meta":"enabled","adv-header-id-meta":"","stick-header-meta":"","header-above-stick-meta":"","header-main-stick-meta":"","header-below-stick-meta":"","astra-migrate-meta-layouts":"set","ast-page-background-enabled":"default","ast-page-background-meta":{"desktop":{"background-color":"var(--ast-global-color-4)","background-image":"","background-repeat":"repeat","background-position":"center center","background-size":"auto","background-attachment":"scroll","background-type":"","background-media":"","overlay-type":"","overlay-color":"","overlay-opacity":"","overlay-gradient":""},"tablet":{"background-color":"","background-image":"","background-repeat":"repeat","background-position":"center center","background-size":"auto","background-attachment":"scroll","background-type":"","background-media":"","overlay-type":"","overlay-color":"","overlay-opacity":"","overlay-gradient":""},"mobile":{"background-color":"","background-image":"","background-repeat":"repeat","background-position":"center center","background-size":"auto","background-attachment":"scroll","background-type":"","background-media":"","overlay-type":"","overlay-color":"","overlay-opacity":"","overlay-gradient":""}},"ast-content-background-meta":{"desktop":{"background-color":"var(--ast-global-color-5)","background-image":"","background-repeat":"repeat","background-position":"center center","background-size":"auto","background-attachment":"scroll","background-type":"","background-media":"","overlay-type":"","overlay-color":"","overlay-opacity":"","overlay-gradient":""},"tablet":{"background-color":"var(--ast-global-color-5)","background-image":"","background-repeat":"repeat","background-position":"center center","background-size":"auto","background-attachment":"scroll","background-type":"","background-media":"","overlay-type":"","overlay-color":"","overlay-opacity":"","overlay-gradient":""},"mobile":{"background-color":"var(--ast-global-color-5)","background-image":"","background-repeat":"repeat","background-position":"center center","background-size":"auto","background-attachment":"scroll","background-type":"","background-media":"","overlay-type":"","overlay-color":"","overlay-opacity":"","overlay-gradient":""}},"footnotes":""},"class_list":["post-8","page","type-page","status-publish","hentry"],"uagb_featured_image_src":{"full":false,"thumbnail":false,"medium":false,"medium_large":false,"large":false,"1536x1536":false,"2048x2048":false},"uagb_author_info":{"display_name":"I1Y3qa41oOCp","author_link":"https:\/\/imobiliaria.marketing-pt.com\/?author=9"},"uagb_comment_info":0,"uagb_excerpt":"Moradia Set\u00fabal T6 &#8211; Set\u00fabal- S.Juli\u00e3o,Nssa Sra. da Anunciada, Santa M. G\/Set\u00fabal Herdade Azeit\u00e3o T14 &#8211; Azeit\u00e3o &#8211; S\u00e3o Louren\u00e7o [&hellip;]","_links":{"self":[{"href":"https:\/\/imobiliaria.marketing-pt.com\/index.php?rest_route=\/wp\/v2\/pages\/8","targetHints":{"allow":["GET"]}}],"collection":[{"href":"https:\/\/imobiliaria.marketing-pt.com\/index.php?rest_route=\/wp\/v2\/pages"}],"about":[{"href":"https:\/\/imobiliaria.marketing-pt.com\/index.php?rest_route=\/wp\/v2\/types\/page"}],"author":[{"embeddable":true,"href":"https:\/\/imobiliaria.marketing-pt.com\/index.php?rest_route=\/wp\/v2\/users\/9"}],"replies":[{"embeddable":true,"href":"https:\/\/imobiliaria.marketing-pt.com\/index.php?rest_route=%2Fwp%2Fv2%2Fcomments&post=8"}],"version-history":[{"count":5,"href":"https:\/\/imobiliaria.marketing-pt.com\/index.php?rest_route=\/wp\/v2\/pages\/8\/revisions"}],"predecessor-version":[{"id":1521,"href":"https:\/\/imobiliaria.marketing-pt.com\/index.php?rest_route=\/wp\/v2\/pages\/8\/revisions\/1521"}],"wp:attachment":[{"href":"https:\/\/imobiliaria.marketing-pt.com\/index.php?rest_route=%2Fwp%2Fv2%2Fmedia&parent=8"}],"curies":[{"name":"wp","href":"https:\/\/api.w.org\/{rel}","templated":true}]}}